= 2*p + 5*a - 99. Is p a composite number?
False
Suppose -2*s - 213 = -3*n - 13, 0 = n - 4*s - 60. Suppose 3*g - n = 2*g + 3*d, -3*g = -d - 244. Is g prime?
True
Let n(l) be the first derivative of -l**3/3 - 3*l**2/2 + 4*l + 2. Let x be n(-3). Suppose -x*g + 3*s + 40 = -s, g - 2*s = 9. Is g a composite number?
False
Let n(j) = 2*j**3 - 4*j**2 + j - 6. Suppose -l + 6 = 2*l. Let c = 7 - l. Is n(c) a prime number?
True
Let l = 4054 + -65. Is l composite?
False
Suppose k = -4*w + 17, -k - 2*k - 3*w + 24 = 0. Let l(v) = 64*v - 1. Is l(k) a prime number?
False
Let u(s) = -s - 12. Let g be u(-10). Let b(r) = 78*r**2 + 4*r + 3. Is b(g) a prime number?
True
Let k(y) be the third derivative of y**6/72 + y**4/12 + 2*y**3/3 - 3*y**2. Let f(a) be the first derivative of k(a). Is f(3) composite?
False
Suppose 3*u = 2*u - 10. Let k = 4 - u. Is k a composite number?
True
Let p = -451 + 172. Suppose 0*u + 3*u + 3*b + 483 = 0, -b - 321 = 2*u. Let t = u - p. Is t composite?
True
Let m = 10 + -18. Is (379/(-2))/(4/m) a prime number?
True
Suppose 13 = 4*y - 3. Suppose 5*a + 2*s = -0*s + 809, y*a - 638 = 3*s. Is a a prime number?
False
Suppose 0 = 2*n + 3*a - 10, -8 = -3*n - 2*a + a. Suppose 0*t + n*t = 0. Suppose 0*o = 2*q + 3*o - 82, t = -3*q - 5*o + 121. Is q prime?
True
Suppose 0 = -3*x + 4*t + 435, -4*t - 1008 = -5*x - 275. Is x prime?
True
Is (-8)/44 - 34359/(-33) a composite number?
True
Suppose -4*s = l + 4*l + 33, 4*l = -3*s - 26. Is -397*(-1)/(-2)*s a prime number?
True
Is (6/(-60)*1082)/((-2)/10) a composite number?
False
Let v(r) = r**2 - 3*r + 9. Is v(7) composite?
False
Let c = 110 - -157. Is c composite?
True
Let c be 3*(-1 + (-26)/(-3)). Let j be (-2808)/(-28) + 4/(-14). Let k = j - c. Is k composite?
True
Let v(x) = 28*x**3 - x**2 + x. Suppose -6*h = -2*h - 4. Let z be v(h). Suppose -5*i = -3*i - z. Is i composite?
True
Suppose w + 469 = -4*s, 3*s + 2*s = -2*w - 944. Let d = w + 680. Is d a prime number?
False
Is ((-7)/3)/(6/(-738)) prime?
False
Suppose -3*h + 27 = -0*h. Suppose h = 4*m - m. Suppose x = -2*y + 10, -m*x - y + 50 = 2*x. Is x prime?
False
Suppose 1 = 2*x - 3. Suppose x*l = -3*l + 670. Is l a prime number?
False
Suppose -3*o + 7*o + 3*t - 5585 = 0, 0 = 4*o + 4*t - 5584. Is o prime?
False
Let u be 22/(-99) - (-2747)/9. Suppose -s + 168 = -u. Is s a composite number?
True
Suppose -2*q + 0*q - 3593 = -3*w, w + 2*q = 1211. Let f = -680 + w. Is f a composite number?
False
Let m = -226 - -429. Is m a prime number?
False
Suppose -2*y + 6 = 0, 0 = 3*d + 2*y + 2*y - 171. Is d composite?
False
Suppose -38 - 115 = -3*q. Let x = q - -58. Is x a composite number?
False
Suppose 724 = -2*m + q + 3*q, 1831 = -5*m + 3*q. Is 3/9 + m/(-3) a prime number?
False
Let s(l) = -60*l - 11. Is s(-8) composite?
True
Suppose -y = -6*y - 4*g + 911, 0 = -5*y - 3*g + 912. Let b = y + -38. Is b prime?
False
Let u(q) = q**3 + 8*q**2 + 6*q + 8. Let a be u(-7). Let p = a - 0. Is p composite?
True
Suppose 0 = n - 2*n - 158. Let p = n + 642. Suppose 5*t - p = t. Is t composite?
True
Suppose 4*h = 5*h - 8. Is (h + -10)*30/(-4) prime?
False
Suppose -3*g + 5*o + 85 = 2*g, -29 = -g - 3*o. Suppose 5*v - g = c, v + 8 = -3*v - 4*c. Suppose -v*l = -44 + 2. Is l composite?
True
Suppose 20 = -f + 5*v, -3*f - f - v + 4 = 0. Suppose -l + f*l = -26. Is l a prime number?
False
Let s(y) = 2 + 4 - 9*y - 2. Is s(-3) a composite number?
False
Let c be (-22)/77 - (-32)/14. Is -3 + 2 - c - -422 a composite number?
False
Suppose -15 = -5*q, -5*r + 3*q = q - 709. Let n = -5 + r. Is n/(-4)*10/(-3) a composite number?
True
Suppose -4*j = -2*j - 7606. Is j a composite number?
False
Is -1 + 1063 - (-4)/(-4) prime?
True
Let p = 17 + -11. Let y(n) be the third derivative of n**5/30 - n**4/6 + n**3/2 - 5*n**2. Is y(p) a composite number?
True
Let o(a) = -a**2 - 3*a + 0*a + 2 + a**3 + 0*a. Let s be o(2). Suppose -5*b - 27 + 97 = s. Is b composite?
True
Suppose -7*l = -2*l - 1535. Is l composite?
False
Suppose 3*m = m + 4. Suppose 4*y = m*y. Let x(n) = -n**3 - n**2 + 67. Is x(y) composite?
False
Suppose -3*a + 3 - 18 = -3*p, -4*a = p - 5. Let v be (-2 - 0)/(-2) + 22. Let c = a + v. Is c a prime number?
True
Let u(q) = q**3 + 8*q**2 + 7*q + 3. Let j be u(-7). Suppose -j*y + 40 = 16. Is 4/y*(-222)/(-3) a prime number?
True
Let x(a) = 2*a**2 + 5*a + 9. Let q be x(-6). Let b = 133 - q. Is b prime?
False
Let a be ((-1)/2)/((-2)/20). Suppose 21 = g + 2*d, 0 = -0*g + 5*g + a*d - 130. Is g composite?
False
Is (-2)/(-5) + (-2)/((-20)/9066) composite?
False
Suppose 0*h - 2*h = -2*j + 14, 5*j + h - 5 = 0. Let z be (j/(-4))/(5/(-60)). Suppose -z*p + 63 = -3*p. Is p composite?
True
Let a = 22 + -10. Suppose -3 = -2*q + 1. Suppose 130 - a = f + w, q*f + 4*w = 230. Is f prime?
False
Is 328 - (0 + -1 + (-4 - -2)) a composite number?
False
Suppose -24928 + 1244 = -4*o. Is o prime?
False
Is 1/(0 - (-1)/59) prime?
True
Let n(d) = -d**2 - 3*d + 3. Let o be n(-3). Let t be o + -4 + -2 - -3. Suppose 0 = -3*y + u + 470, 3*y - u - u - 475 = t. Is y a prime number?
False
Suppose 2*h + 2*p - 7*p - 307 = 0, -4*h - 4*p = -684. Is h composite?
True
Let k = 16 - 28. Let i be -1 + 51 + (-1 - 0). Let o = i + k. Is o prime?
True
Suppose -3*l + 24 = 4*v, 2*l = 3*v + v - 4. Let b = 4 - l. Suppose -4*r = -b*r - 24. Is r a composite number?
True
Let x(p) = -11*p**3 - 5*p**2 + 5. Let s(w) = 4*w**3 + 2*w**2 - 2. Let z(r) = -8*s(r) - 3*x(r). Let g = 6 - 2. Is z(g) a prime number?
False
Let w be 1 - (4 + -2) - 525. Let q be (-4)/6 - w/6. Suppose 2*a - 3*a + q = 0. Is a a prime number?
False
Let q be (-364)/(-24) - (-1)/(-6). Suppose 3*h + 5 - 14 = 2*l, -5*h = -l - q. Suppose 3*r - 117 = -l*r. Is r a composite number?
True
Let d = -1 + -5. Is (69/d)/((-1)/2) composite?
False
Let n(x) = -x + 3. Let g be n(0). Suppose g*h = 3*o + 2*o - 192, -148 = -4*o + h. Suppose -4*b - 3*q = -q - o, -b = 2*q - 3. Is b a composite number?
False
Suppose 8*g + m + 19 = 4*g, -2*g - 2*m - 14 = 0. Let w be (-141)/(-6) + 2/g. Suppose -3*u + w = -u + 5*y, -43 = -3*u + y. Is u a composite number?
True
Suppose 0 = -2*o + 10 - 4, 1761 = 3*n + 4*o. Is n prime?
False
Let f = 10 - 5. Suppose 3*b + f*g - 130 = -0*b, -g + 110 = 3*b. Is b prime?
False
Is ((-5)/(-15))/((2/1)/2490) a prime number?
False
Suppose -5*h + 4*b = -796, 0 = h + b + b - 162. Suppose -t = -3*a + 1703, -3*a - t + 1380 = -313. Suppose -a = -2*g - h. Is g a prime number?
False
Let t = -3 + 166. Is t a composite number?
False
Is (11/(-3))/((-3)/153) prime?
False
Is 2437/5 + 10/(-25) composite?
False
Let o be 15/(-10)*(-6 - -2). Suppose 3*n - o*n + 555 = 0. Is n a prime number?
False
Is 17/68 + (-515)/(-4) a prime number?
False
Suppose 5*u - 5*k = 90, 2*u + 9 = 4*k + 35. Is u a prime number?
True
Suppose 0 = -k - 4*j - 9, -3*k - 3*j + j = -3. Suppose 5*h + 631 = 5*z + k*h, 5*h - 10 = 0. Is z composite?
False
Let v(n) = -6*n + 3. Let f = -1 - 3. Let u be v(f). Let y = -6 + u. Is y a composite number?
True
Let d be (-2)/(-2)*18/3. Suppose h = 4*h - d. Is h/(-7) + 1250/14 composite?
False
Let y(o) = -o**3 + 4*o + 7. Let q(w) = w**2 - 5*w + 2. Let u be q(3). Is y(u) prime?
False
Let v = 1099 - 680. Is v a composite number?
False
Let v = 9 - 6. Suppose -v*b + 5*f = 2*f - 351, -2*f = 5*b - 571. Is b a composite number?
True
Suppose -36 = -5*r + 54. Let s = 413 - r. Is s a composite number?
True
Let r be 2/4 + 41/(-2). Let x = r - -39. Is x a prime number?
True
Let q = -62 - 20. Let o = 144 + q. Is o composite?
True
Let t(x) = 23*x + 1. Let r be (-6)/9 + 17/3. Let i(z) = -23*z. Let d(j) = r*t(j) + 6*i(j). Is d(-4) prime?
True
Let j(p) = -p + 11. Let y be j(7). Suppose 0 = s + g + 5, 2*s + 4*g = -20 - 0. Is (s + y)*55/10 a composite number?
True
Suppose 0*q - 192 = -3*s + 3*q, 251 = 4*s - 3*q. Is s composite?
False
Let o = 1 - 0. Let t be 1/o + (0 - -2). Suppose t*y = -4*k + 124 + 69, 5*k - 4*y = 249. Is k a composite number?
True
Let u(r) = -513*r**3 + 2*r**2 + 3*r + 5. Is u(-2) a composite number?
False
Let s = 4 - 1. Let l be s/(-2)*(-8)/(-3). Let t(o) = -10*o - 1. Is t(l) a composite number?
True
Let w(t) = -27*t**2 + 3*t - 5. Let a be w(-4). Is a/(-3) + (-4)/6 a composite number?
False
Let t = -8 + 2. Suppose 13 + 3 = -4*k. Is ((-26)/k)/((-3)/t) a prime number?
True
Suppose -6*v = -183 - 219. Is v a composi